= a - -12. What is the units digit of f?
5
Let r = -3 - -4. Let y be 2*(r - -2*1). Suppose -5 = s - y*s. What is the units digit of s?
1
Let b(y) = -4*y**2 - 4. Let i be b(2). Suppose -2*f + 71 = -5*w, f - 5*f = -w - 133. Let z = i + f. What is the units digit of z?
3
Let j(p) = -3*p**3 + 4*p**2 - 8*p + 36. Let a(n) = -n**3 + n**2 - 3*n + 12. Let k(s) = -11*a(s) + 4*j(s). What is the units digit of k(5)?
7
Let y(u) = 11*u**2 + 2*u + 28. What is the hundreds digit of y(-5)?
2
Suppose -n = 4*j - 6*n - 153, 2*n + 42 = j. What is the tens digit of j?
3
Suppose 0*d = 4*d - 108. Let r = 47 - d. What is the units digit of r?
0
Let t(k) = -k. Let w be t(3). Let n be 79*(w - 1/(-1)). What is the tens digit of 6/(-21) - n/14?
1
Let t be 40*1*(-7)/14. Let j = 31 + t. What is the units digit of j?
1
Let s(m) = m - 8. Let g be s(5). Let w be g - -2 - -3 - 0. Suppose 0*r + 36 = w*r. What is the units digit of r?
8
What is the units digit of 568/20*(-20)/(-8)?
1
Let b be (2 - -1) + -26 + 0. Let w = b - -33. What is the tens digit of w?
1
Let o be (5/2 + -3)*2. Let p(t) = -2*t - 1. Let l be p(o). Suppose x - 4 = -l. What is the units digit of x?
3
Let k = 19 + -16. Suppose -2*a = -7*a + 5*r + 90, 94 = k*a + 5*r. What is the units digit of a?
3
Let r = -4 - -3. Let l = r + 5. Suppose 3*h - 15 = -l*z, 4*z - 23 + 10 = -h. What is the units digit of z?
3
Let h be (2/4)/(5/10). Suppose -v = -0*v - h. What is the units digit of v?
1
Let i(z) = 4*z**2 + 3*z - 2. Let l(h) = h**3 + 5*h**2 - 5*h + 8. Let t be l(-6). What is the tens digit of i(t)?
2
Suppose -2*g + 9*g = 406. What is the tens digit of g?
5
Suppose -3*x - k + 301 = -0*k, -3*k = -4*x + 397. What is the tens digit of x?
0
Let w = -5 + 7. Suppose r - v = -1, -4 = r - 6*r + w*v. What is the units digit of r?
2
Suppose -6348 = -27*t + 3102. What is the tens digit of t?
5
Suppose -2*k = 65 - 7. Let o = 45 + k. What is the tens digit of o?
1
Let q(k) = k**2 - k. Suppose 4*b = -20 + 48. Let w be q(b). Suppose 5*u - 3*n = w + 6, n + 28 = 3*u. What is the units digit of u?
9
Suppose 0 = -u + 5 - 2. Let g = u + 0. Suppose g*w - 36 = -w. What is the units digit of w?
9
Suppose 43 = 4*l - 233. What is the units digit of l?
9
Suppose -5*m = -3*m - 8. Let g = -6 + m. Let x(y) = 2*y**2 + 2*y + 1. What is the units digit of x(g)?
5
Let m(b) = -b**3 - 5*b**2 + 7*b + 2. Let c be m(-6). Let r = c - -1. Let f = 10 + r. What is the units digit of f?
7
Let x(p) = -p**3 + 5*p**2 + 6*p. Let d be x(6). Let g(y) = y**2 + 14. What is the tens digit of g(d)?
1
Let f(n) = 3*n - 1 - n**2 + 2*n**2 - n. Suppose 3*i - 2*i - 2 = 0. What is the units digit of f(i)?
7
What is the tens digit of (-15)/3*(0 - 2)?
1
Let f be (20/(-1 - -3))/2. Suppose 4 + 21 = f*m. Suppose m*w = 9 + 6. What is the units digit of w?
3
Let i = 3 + -4. Let t be i/(1/7)*-1. What is the units digit of (t/14)/((-2)/(-4))?
1
Let b(l) = -9*l - 3. What is the units digit of b(-6)?
1
Suppose -6 = 4*z - 2*z. Let x be -2 - z*1 - -9. Let m = x + -2. What is the units digit of m?
8
Let b be (0/(-2))/(2 + -1). Let y = b - -6. Let a(h) = h**3 - 6*h**2 + h + 1. What is the units digit of a(y)?
7
Let x = -16 - -11. Let o = 36 + x. What is the tens digit of o?
3
Let o(p) = 8*p - 4. What is the units digit of o(4)?
8
Suppose 2*u + 31 = m - 6*m, 0 = -3*u - 5*m - 39. Let h = 12 - u. What is the tens digit of h?
2
Suppose 13 + 5 = -3*o. Let f = o - -8. Suppose f*j - j = 7. What is the units digit of j?
7
Let s(u) = 7*u - 1 + 0 + 2*u + 2*u. What is the units digit of s(1)?
0
Let v(o) = -o**3 + 5*o**2 + 2*o - 7. Let y be v(5). Suppose 4*r - 53 = -y*c, 0 = -c - 2*r + r + 19. What is the units digit of c?
3
Suppose 0 = 4*i + 50 - 262. What is the units digit of i/5 + 4/10?
1
Let v(j) = 38*j - 5. What is the tens digit of v(2)?
7
Let b = 2 - -1. Suppose 5*y + 14 = -b*o, 3*o = -0*y + 2*y + 14. Suppose -o*c = -12 - 2. What is the units digit of c?
7
Let h(i) = -i**3 - 5*i**2 - 5*i - 3. Let d be 2/4*-2*4. What is the units digit of h(d)?
1
Let m(t) be the first derivative of -t**4/4 + 2*t**3 - t**2/2 + t + 4. What is the tens digit of m(4)?
2
Suppose 2*i = -3*z + 81, 2*z = -6*i + 3*i + 49. Let t = 4 + z. What is the units digit of t?
3
Let o = 4 - 1. Suppose -4*i + i - 15 = 0, 4*b - o*i - 91 = 0. What is the tens digit of b?
1
Let z(x) be the first derivative of x**4/4 - 10*x**3/3 - 4*x**2 - 13*x - 1. What is the units digit of z(11)?
0
Let y = -6 - -10. What is the units digit of y/14 + (-5)/(-7)?
1
Let j(s) = 6*s**2 + s. What is the units digit of j(1)?
7
Suppose 94 = 4*y - 46. What is the units digit of y?
5
Let d = 99 - 21. What is the tens digit of d?
7
Suppose 3 = -2*d - 3. Let q(k) = 3*k**3 - 9*k**2 + 2*k + 6. Let f(a) = -a**3 + 4*a**2 - a - 3. Let i(j) = -5*f(j) - 2*q(j). What is the units digit of i(d)?
9
Suppose 0 = -4*g + g + 6. Let m(u) = -4 + 0 - g*u + 8*u - u**2. What is the units digit of m(5)?
1
Suppose 120 - 28 = 2*i. What is the tens digit of i?
4
Let t be -2 - -5 - 3/1. Let g(w) = w**3 + w**2 + w + 25. What is the units digit of g(t)?
5
Let b = -11 - -4. Let i be (1 + b)*14/(-6). Suppose 2*t = -2*z + t + i, 3*t = 12. What is the units digit of z?
5
Let n(i) = 9*i**3 + 3*i. What is the tens digit of n(2)?
7
Let c(r) = r**3 - 5*r**2 - 3*r - 4. Let f be 3*3/(-3)*-2. What is the tens digit of c(f)?
1
Let z = 29 + 11. Suppose -4*v - z = -3*m, -5*v = -3*m + m + 29. What is the units digit of m?
2
Let l be 4 - (0/2 + 0). Suppose l*h = -16 - 0. Let f(v) = -2*v - 3. What is the units digit of f(h)?
5
Suppose 2*f - 2*j + 8 = 0, -5*f - 3*j = 2 + 2. Let k be 1/(3/6) + f. What is the units digit of -1*1/(k - 1)?
1
Let n(m) = 3 - 4*m**3 - 2 - 15*m + 17*m. Suppose 5*j + 3 = 2*j. What is the units digit of n(j)?
3
Suppose 0*h = -3*h + 3*q - 18, -5*h + 10 = 5*q. Let x(m) = m**2 - 2*m + 3. Let a be x(3). What is the units digit of (a/(-4))/(h/20)?
5
Let r = 372 - 247. Suppose -a = 4*a - r. Let h = a - 17. What is the units digit of h?
8
Let z(r) = r**2 + 3*r - 2. What is the tens digit of z(7)?
6
Let y = 5 + -3. Let a = 3 - y. What is the units digit of a?
1
Let f = -6 - -4. Let g be (2 - 8)*f/3. What is the tens digit of (g + -2)*(7 + -2)?
1
Let s(n) = n**2 - 5*n + 8. Suppose 4*z + 22 = 3*i, 5 = 5*i - z - 26. Let h be s(i). What is the tens digit of (77/h)/((-2)/(-4))?
1
Suppose 4*b + 2*l + 27 = 85, b = 2*l + 17. Let m be -2 - (-5)/(b/12). Suppose -m*c + 5 = -17. What is the units digit of c?
1
Suppose -l + 1 = -7. What is the units digit of l?
8
Let f = -5 - -8. Suppose 2*i - 6 = 4*p, p = -f*i + 3*p + 5. What is the units digit of i?
1
Let v = 0 + -1. Let k be -2 - v - -2 - 1. Suppose -4*a + 2 + 2 = k. What is the units digit of a?
1
Let u = 199 - 14. What is the tens digit of u?
8
Suppose 5*p = -28 + 3. Let s = 10 + p. What is the units digit of s?
5
Let y = 141 + -77. What is the units digit of y?
4
Suppose s - 19 = 2*o, 4*o - 3*o + 50 = 5*s. Let g(b) = b**2 - 9*b + 7. What is the units digit of g(s)?
7
Suppose 3*i = 2*i - 112. Let h = -57 - i. Suppose 5*y - 5*r = h, 15 = -3*y + r + 42. What is the units digit of y?
8
Suppose 4*u - 24 - 16 = -4*z, 3*u = -4*z + 39. Let g(r) = -r**2 + 3*r + 2. Let k be g(3). Suppose k*a = 7 + z. What is the units digit of a?
8
Suppose -3*c = 5*j - 2*j - 666, -j + 5*c + 240 = 0. What is the units digit of j?
5
Let o be (15 - 15) + (-79)/(-1). Suppose 4*j - o = 81. What is the tens digit of j?
4
Let n = -152 + 266. What is the tens digit of n?
1
What is the tens digit of (-10)/(-4)*(-1136)/(-40)?
7
Let w(m) = m**3 + 3*m**2 - 3*m + 4. Suppose -5*g + 3*g = 8. Let k be w(g). Let x(i) = i**2 + i + 5. What is the units digit of x(k)?
5
Suppose 5*s = -2*r + 569, 609 = 3*r - r - 3*s. What is the tens digit of r?
9
Let b(g) = -g - 3. Let r be b(-3). Suppose 4*a + r*v + 22 = -5*v, -2*v = 2*a + 10. What is the units digit of 6/27*a*-9?
6
Let l(a) = -a**2 + 8*a + 13. Suppose -6*u = -2*u - 36. Let o be l(u). Suppose -25 = -o*j - 3*n, -4*n = -4*j + 16 + 16. What is the units digit of j?
7
Let j(n) = -2*n**2 + 51*n - 2. What is the hundreds digit of j(5)?
2
Suppose 251 + 202 = 3*j. What is the units digit of j?
1
Let w(i) = 6*i**2 - 2*i + 2. What is the units digit of w(2)?
2
Let y = -3 - -5. Let r be (-12 + 2)*y/(-5). Suppose 6*x - 2*x = z + 30, 4*x - 40 = -r*z. Wha